{"id":603,"date":"2019-09-28T20:54:04","date_gmt":"2019-09-28T18:54:04","guid":{"rendered":"https:\/\/manoirdelabaronnie.fr\/?page_id=603"},"modified":"2020-02-25T22:57:25","modified_gmt":"2020-02-25T21:57:25","slug":"concert-23-fevrier-2020","status":"publish","type":"page","link":"https:\/\/manoirdelabaronnie.fr\/index.php\/concert-23-fevrier-2020\/","title":{"rendered":"Concert du 23 F\u00e9vrier 2020"},"content":{"rendered":"<blockquote><p>Cette page vous permet de r\u00e9-ecouter le concert du 23 F\u00e9vrier 2020 \u00e0 Paris 11eme<\/p><\/blockquote>\n<p>Interpr\u00e8tes:<\/p>\n<ul>\n<li>Delphine Lebovici (Soprano)<\/li>\n<li>Laurent Vuong (piano)<\/li>\n<\/ul>\n<p><a href=\"https:\/\/manoirdelabaronnie.fr\/wp-content\/uploads\/2020\/02\/1-Im_wunderschonen_monat_mai-Schumann.mp3\" target=\"_blank\">Im wunderschonen monat mai (Schumann)<\/a><br \/>\n<a href=\"https:\/\/manoirdelabaronnie.fr\/wp-content\/uploads\/2020\/02\/2-Ich_grolle_nicht-Schumann.mp3\" target=\"_blank\">Ich grolle nicht (Schumann)<\/a><br \/>\n<a href=\"https:\/\/manoirdelabaronnie.fr\/wp-content\/uploads\/2020\/02\/3-Oh_quand_je_dors-Liszt.mp3\" target=\"_blank\">Oh quand je dors (Liszt)<\/a><br \/>\n<a href=\"https:\/\/manoirdelabaronnie.fr\/wp-content\/uploads\/2020\/02\/4-Ach_wende_diesen_blick-Brahms.mp3\" target=\"_blank\">Ach wende diesen blick (Brahms)<\/a><br \/>\n<a href=\"https:\/\/manoirdelabaronnie.fr\/wp-content\/uploads\/2020\/02\/5-Morgen-Strauss.mp3\" target=\"_blank\">Morgen (Strauss)<\/a><br \/>\n<a href=\"https:\/\/manoirdelabaronnie.fr\/wp-content\/uploads\/2020\/02\/6-Die_Nachtigall-Berg.mp3\" target=\"_blank\">Die Nachtigall&nbsp; (Berg)<\/a><br \/>\n<a href=\"https:\/\/manoirdelabaronnie.fr\/wp-content\/uploads\/2020\/02\/7-A-Chloris-Hanh.mp3\" target=\"_blank\">A Chloris (Hahn)<\/a><br \/>\n<a href=\"https:\/\/manoirdelabaronnie.fr\/wp-content\/uploads\/2020\/02\/8-Pourquoi-Messiaen.mp3\" target=\"_blank\">Pourquoi (Messiaen)<\/a><br \/>\n<a href=\"https:\/\/manoirdelabaronnie.fr\/wp-content\/uploads\/2020\/02\/9-Tu_vois_le_feu_du_soir-Poulenc.mp3\" target=\"_blank\">Tu vois le feu du soir (Poulenc)<\/a><br \/>\n<a href=\"https:\/\/manoirdelabaronnie.fr\/wp-content\/uploads\/2020\/02\/10-La_dame_d_Andre-Poulenc.mp3\" target=\"_blank\">La dame d&rsquo;Andre (Poulenc)<\/a><br \/>\n<a href=\"https:\/\/manoirdelabaronnie.fr\/wp-content\/uploads\/2020\/02\/11-Fleurs-Poulenc.mp3\" target=\"_blank\">Fleurs (Poulenc)<\/a><br \/>\n<a href=\"https:\/\/manoirdelabaronnie.fr\/wp-content\/uploads\/2020\/02\/12-Hotel-Poulenc.mp3\" target=\"_blank\">H\u00f4tel (Poulenc)<\/a><br \/>\n<a href=\"https:\/\/manoirdelabaronnie.fr\/wp-content\/uploads\/2020\/02\/13-Les_chemins_de_lamour-Poulenc.mp3\" target=\"_blank\">Les chemins de l&rsquo;amour (Poulenc)<\/a><\/p>\n<p>&nbsp;<\/p>\n<p>&nbsp;<\/p>\n","protected":false},"excerpt":{"rendered":"<p>Cette page vous permet de r\u00e9-ecouter le concert du 23 F\u00e9vrier 2020 \u00e0 Paris 11eme Interpr\u00e8tes: Delphine Lebovici (Soprano) Laurent Vuong (piano) Im wunderschonen monat mai (Schumann) Ich grolle nicht (Schumann) Oh quand je dors (Liszt) Ach wende diesen blick (Brahms) Morgen (Strauss) Die Nachtigall&nbsp; (Berg) A Chloris (Hahn) Pourquoi (Messiaen) Tu vois le feu &hellip; <a href=\"https:\/\/manoirdelabaronnie.fr\/index.php\/concert-23-fevrier-2020\/\" class=\"more-link\">Continuer la lecture<span class=\"screen-reader-text\"> de &laquo;&nbsp;Concert du 23 F\u00e9vrier 2020&nbsp;&raquo;<\/span><\/a><\/p>\n","protected":false},"author":1,"featured_media":0,"parent":0,"menu_order":0,"comment_status":"closed","ping_status":"closed","template":"","meta":{"ngg_post_thumbnail":0},"yoast_head":"<!-- This site is optimized with the Yoast SEO plugin v20.4 - https:\/\/yoast.com\/wordpress\/plugins\/seo\/ -->\n<title>Concert du 23 F\u00e9vrier 2020 - Le Manoir de la Baronnie<\/title>\n<meta name=\"robots\" content=\"index, follow, max-snippet:-1, max-image-preview:large, max-video-preview:-1\" \/>\n<link rel=\"canonical\" href=\"https:\/\/manoirdelabaronnie.fr\/index.php\/concert-23-fevrier-2020\/\" \/>\n<meta property=\"og:locale\" content=\"fr_FR\" \/>\n<meta property=\"og:type\" content=\"article\" \/>\n<meta property=\"og:title\" content=\"Concert du 23 F\u00e9vrier 2020 - Le Manoir de la Baronnie\" \/>\n<meta property=\"og:description\" content=\"Cette page vous permet de r\u00e9-ecouter le concert du 23 F\u00e9vrier 2020 \u00e0 Paris 11eme Interpr\u00e8tes: Delphine Lebovici (Soprano) Laurent Vuong (piano) Im wunderschonen monat mai (Schumann) Ich grolle nicht (Schumann) Oh quand je dors (Liszt) Ach wende diesen blick (Brahms) Morgen (Strauss) Die Nachtigall&nbsp; (Berg) A Chloris (Hahn) Pourquoi (Messiaen) Tu vois le feu &hellip; Continuer la lecture de &laquo;&nbsp;Concert du 23 F\u00e9vrier 2020&nbsp;&raquo;\" \/>\n<meta property=\"og:url\" content=\"https:\/\/manoirdelabaronnie.fr\/index.php\/concert-23-fevrier-2020\/\" \/>\n<meta property=\"og:site_name\" content=\"Le Manoir de la Baronnie\" \/>\n<meta property=\"article:modified_time\" content=\"2020-02-25T21:57:25+00:00\" \/>\n<meta name=\"twitter:card\" content=\"summary_large_image\" \/>\n<script type=\"application\/ld+json\" class=\"yoast-schema-graph\">{\"@context\":\"https:\/\/schema.org\",\"@graph\":[{\"@type\":\"WebPage\",\"@id\":\"https:\/\/manoirdelabaronnie.fr\/index.php\/concert-23-fevrier-2020\/\",\"url\":\"https:\/\/manoirdelabaronnie.fr\/index.php\/concert-23-fevrier-2020\/\",\"name\":\"Concert du 23 F\u00e9vrier 2020 - Le Manoir de la Baronnie\",\"isPartOf\":{\"@id\":\"https:\/\/manoirdelabaronnie.fr\/#website\"},\"datePublished\":\"2019-09-28T18:54:04+00:00\",\"dateModified\":\"2020-02-25T21:57:25+00:00\",\"breadcrumb\":{\"@id\":\"https:\/\/manoirdelabaronnie.fr\/index.php\/concert-23-fevrier-2020\/#breadcrumb\"},\"inLanguage\":\"fr-FR\",\"potentialAction\":[{\"@type\":\"ReadAction\",\"target\":[\"https:\/\/manoirdelabaronnie.fr\/index.php\/concert-23-fevrier-2020\/\"]}]},{\"@type\":\"BreadcrumbList\",\"@id\":\"https:\/\/manoirdelabaronnie.fr\/index.php\/concert-23-fevrier-2020\/#breadcrumb\",\"itemListElement\":[{\"@type\":\"ListItem\",\"position\":1,\"name\":\"Accueil\",\"item\":\"https:\/\/manoirdelabaronnie.fr\/\"},{\"@type\":\"ListItem\",\"position\":2,\"name\":\"Concert du 23 F\u00e9vrier 2020\"}]},{\"@type\":\"WebSite\",\"@id\":\"https:\/\/manoirdelabaronnie.fr\/#website\",\"url\":\"https:\/\/manoirdelabaronnie.fr\/\",\"name\":\"Le Manoir de la Baronnie\",\"description\":\"Osez le m\u00e9di\u00e9val\",\"potentialAction\":[{\"@type\":\"SearchAction\",\"target\":{\"@type\":\"EntryPoint\",\"urlTemplate\":\"https:\/\/manoirdelabaronnie.fr\/?s={search_term_string}\"},\"query-input\":\"required name=search_term_string\"}],\"inLanguage\":\"fr-FR\"}]}<\/script>\n<!-- \/ Yoast SEO plugin. -->","yoast_head_json":{"title":"Concert du 23 F\u00e9vrier 2020 - Le Manoir de la Baronnie","robots":{"index":"index","follow":"follow","max-snippet":"max-snippet:-1","max-image-preview":"max-image-preview:large","max-video-preview":"max-video-preview:-1"},"canonical":"https:\/\/manoirdelabaronnie.fr\/index.php\/concert-23-fevrier-2020\/","og_locale":"fr_FR","og_type":"article","og_title":"Concert du 23 F\u00e9vrier 2020 - Le Manoir de la Baronnie","og_description":"Cette page vous permet de r\u00e9-ecouter le concert du 23 F\u00e9vrier 2020 \u00e0 Paris 11eme Interpr\u00e8tes: Delphine Lebovici (Soprano) Laurent Vuong (piano) Im wunderschonen monat mai (Schumann) Ich grolle nicht (Schumann) Oh quand je dors (Liszt) Ach wende diesen blick (Brahms) Morgen (Strauss) Die Nachtigall&nbsp; (Berg) A Chloris (Hahn) Pourquoi (Messiaen) Tu vois le feu &hellip; Continuer la lecture de &laquo;&nbsp;Concert du 23 F\u00e9vrier 2020&nbsp;&raquo;","og_url":"https:\/\/manoirdelabaronnie.fr\/index.php\/concert-23-fevrier-2020\/","og_site_name":"Le Manoir de la Baronnie","article_modified_time":"2020-02-25T21:57:25+00:00","twitter_card":"summary_large_image","schema":{"@context":"https:\/\/schema.org","@graph":[{"@type":"WebPage","@id":"https:\/\/manoirdelabaronnie.fr\/index.php\/concert-23-fevrier-2020\/","url":"https:\/\/manoirdelabaronnie.fr\/index.php\/concert-23-fevrier-2020\/","name":"Concert du 23 F\u00e9vrier 2020 - Le Manoir de la Baronnie","isPartOf":{"@id":"https:\/\/manoirdelabaronnie.fr\/#website"},"datePublished":"2019-09-28T18:54:04+00:00","dateModified":"2020-02-25T21:57:25+00:00","breadcrumb":{"@id":"https:\/\/manoirdelabaronnie.fr\/index.php\/concert-23-fevrier-2020\/#breadcrumb"},"inLanguage":"fr-FR","potentialAction":[{"@type":"ReadAction","target":["https:\/\/manoirdelabaronnie.fr\/index.php\/concert-23-fevrier-2020\/"]}]},{"@type":"BreadcrumbList","@id":"https:\/\/manoirdelabaronnie.fr\/index.php\/concert-23-fevrier-2020\/#breadcrumb","itemListElement":[{"@type":"ListItem","position":1,"name":"Accueil","item":"https:\/\/manoirdelabaronnie.fr\/"},{"@type":"ListItem","position":2,"name":"Concert du 23 F\u00e9vrier 2020"}]},{"@type":"WebSite","@id":"https:\/\/manoirdelabaronnie.fr\/#website","url":"https:\/\/manoirdelabaronnie.fr\/","name":"Le Manoir de la Baronnie","description":"Osez le m\u00e9di\u00e9val","potentialAction":[{"@type":"SearchAction","target":{"@type":"EntryPoint","urlTemplate":"https:\/\/manoirdelabaronnie.fr\/?s={search_term_string}"},"query-input":"required name=search_term_string"}],"inLanguage":"fr-FR"}]}},"_links":{"self":[{"href":"https:\/\/manoirdelabaronnie.fr\/index.php\/wp-json\/wp\/v2\/pages\/603"}],"collection":[{"href":"https:\/\/manoirdelabaronnie.fr\/index.php\/wp-json\/wp\/v2\/pages"}],"about":[{"href":"https:\/\/manoirdelabaronnie.fr\/index.php\/wp-json\/wp\/v2\/types\/page"}],"author":[{"embeddable":true,"href":"https:\/\/manoirdelabaronnie.fr\/index.php\/wp-json\/wp\/v2\/users\/1"}],"replies":[{"embeddable":true,"href":"https:\/\/manoirdelabaronnie.fr\/index.php\/wp-json\/wp\/v2\/comments?post=603"}],"version-history":[{"count":0,"href":"https:\/\/manoirdelabaronnie.fr\/index.php\/wp-json\/wp\/v2\/pages\/603\/revisions"}],"wp:attachment":[{"href":"https:\/\/manoirdelabaronnie.fr\/index.php\/wp-json\/wp\/v2\/media?parent=603"}],"curies":[{"name":"wp","href":"https:\/\/api.w.org\/{rel}","templated":true}]}}