{"id":893,"date":"2023-07-18T13:01:02","date_gmt":"2023-07-18T11:01:02","guid":{"rendered":"https:\/\/manoirdelabaronnie.fr\/?page_id=893"},"modified":"2023-07-27T09:52:01","modified_gmt":"2023-07-27T07:52:01","slug":"concert-du-16-juillet-2023-fin-de-stage","status":"publish","type":"page","link":"https:\/\/manoirdelabaronnie.fr\/index.php\/concert-du-16-juillet-2023-fin-de-stage\/","title":{"rendered":"Concert du 16 juillet 2023 (fin de stage)"},"content":{"rendered":"<p>Cette page est d\u00e9di\u00e9e au concert de fin de stage de chant du 16 juillet 2023 dans l&rsquo;\u00e9glise de Marcei<\/p>\n<p>Le stage avait lieu \u00e0 100m au Manoir de la Baronnie (Orne) du 14 au 16 juillet 2023<\/p>\n<p>Les audio sont t\u00e9l\u00e9chargeables via click droit \u00ab\u00a0t\u00e9l\u00e9charger sous\u00a0\u00bb<\/p>\n<p><img loading=\"lazy\" class=\"alignnone size-medium wp-image-899\" src=\"https:\/\/manoirdelabaronnie.fr\/wp-content\/uploads\/2023\/07\/IMG-20230718-WA0033-225x300.jpg\" alt=\"\" width=\"225\" height=\"300\" srcset=\"https:\/\/manoirdelabaronnie.fr\/wp-content\/uploads\/2023\/07\/IMG-20230718-WA0033-225x300.jpg 225w, https:\/\/manoirdelabaronnie.fr\/wp-content\/uploads\/2023\/07\/IMG-20230718-WA0033-768x1024.jpg 768w, https:\/\/manoirdelabaronnie.fr\/wp-content\/uploads\/2023\/07\/IMG-20230718-WA0033-1152x1536.jpg 1152w, https:\/\/manoirdelabaronnie.fr\/wp-content\/uploads\/2023\/07\/IMG-20230718-WA0033-1200x1600.jpg 1200w, https:\/\/manoirdelabaronnie.fr\/wp-content\/uploads\/2023\/07\/IMG-20230718-WA0033.jpg 1500w\" sizes=\"(max-width: 225px) 85vw, 225px\" \/><\/p>\n<p>Direction artistique : Emmanuelle Isenmann<\/p>\n<p>Piano : Laurent Vuong<\/p>\n<p><a href=\"https:\/\/manoirdelabaronnie.fr\/wp-content\/uploads\/2023\/07\/1-Fervido_desiderio-Bellini.mp3\" target=\"_blank\" rel=\"noopener\">1-Fervido_desiderio (Bellini)<\/a><\/p>\n<p><a href=\"https:\/\/manoirdelabaronnie.fr\/wp-content\/uploads\/2023\/07\/2-Nel_cor_piu_non_mi_sento-Paisiello.mp3\" target=\"_blank\" rel=\"noopener\">2-Nel_cor_piu_non_mi_sento (Paisiello)<\/a><\/p>\n<p><a href=\"https:\/\/manoirdelabaronnie.fr\/wp-content\/uploads\/2023\/07\/3-All_of_me-Simons.mp3\" target=\"_blank\" rel=\"noopener\">3-All_of_me (Simons)<\/a><\/p>\n<p><a href=\"https:\/\/manoirdelabaronnie.fr\/wp-content\/uploads\/2023\/07\/4-Sous_le_ciel_de_Paris-Drejac.mp3\" target=\"_blank\" rel=\"noopener\">4-Sous_le_ciel_de_Paris (Drejac)<\/a><\/p>\n<p><a href=\"https:\/\/manoirdelabaronnie.fr\/wp-content\/uploads\/2023\/07\/5-Never_enough-Pasek.mp3\" target=\"_blank\" rel=\"noopener\">5-Never_enough (Pasek)<\/a><\/p>\n<p><a href=\"https:\/\/manoirdelabaronnie.fr\/wp-content\/uploads\/2023\/07\/6-Pie_Jesu-Faure.mp3\" target=\"_blank\" rel=\"noopener\">6-Pie_Jesu (Faure)<\/a><\/p>\n<p><a href=\"https:\/\/manoirdelabaronnie.fr\/wp-content\/uploads\/2023\/07\/7-De_miei_bollenti_spiriti-Verdi.mp3\" target=\"_blank\" rel=\"noopener\">7-De_miei_bollenti_spiriti (Verdi)<\/a><\/p>\n<p><a href=\"https:\/\/manoirdelabaronnie.fr\/wp-content\/uploads\/2023\/07\/8-Im_Abendrot-Schubert.mp3\" target=\"_blank\" rel=\"noopener\">8-Im_Abendrot (Schubert)<\/a><\/p>\n<p><a href=\"https:\/\/manoirdelabaronnie.fr\/wp-content\/uploads\/2023\/07\/9-De_un_mundo_raro-Marin.mp3\" target=\"_blank\" rel=\"noopener\">9-De_un_mundo_raro (Marin)<\/a><\/p>\n<p><a href=\"https:\/\/manoirdelabaronnie.fr\/wp-content\/uploads\/2023\/07\/10-Amstrong-Nougaro.mp3\" target=\"_blank\" rel=\"noopener\">10-Amstrong (Nougaro)<\/a><\/p>\n<p><a href=\"https:\/\/manoirdelabaronnie.fr\/wp-content\/uploads\/2023\/07\/11-Signore_delle_cime-Marzi.mp3\" target=\"_blank\" rel=\"noopener\">11-Signore_delle_cime (Marzi)<\/a><\/p>\n<p><a href=\"https:\/\/manoirdelabaronnie.fr\/wp-content\/uploads\/2023\/07\/12-O_sole_mio-Capua.mp3\" target=\"_blank\" rel=\"noopener\">12-O_sole_mio (Capua)<\/a><\/p>\n<p><a href=\"https:\/\/manoirdelabaronnie.fr\/wp-content\/uploads\/2023\/07\/13-Neere-Hahn.mp3\" target=\"_blank\" rel=\"noopener\">13-Neere (Hahn)<\/a><\/p>\n<p><a href=\"https:\/\/manoirdelabaronnie.fr\/wp-content\/uploads\/2023\/07\/14-Dans_un_bois_solitaire-Mozart.mp3\" target=\"_blank\" rel=\"noopener\">14-Dans_un_bois_solitaire (Mozart)<\/a><\/p>\n<p><a href=\"https:\/\/manoirdelabaronnie.fr\/wp-content\/uploads\/2023\/07\/15-La_ci_darem_la_mano-Mozart.mp3\" target=\"_blank\" rel=\"noopener\">15-La_ci_darem_la_mano (Mozart)<\/a><\/p>\n<p><a href=\"https:\/\/manoirdelabaronnie.fr\/wp-content\/uploads\/2023\/07\/16-Una_furtiva_lagrima-Donizetti.mp3\" target=\"_blank\" rel=\"noopener\">16-Una_furtiva_lagrima (Donizetti)<\/a><\/p>\n<p><a href=\"https:\/\/manoirdelabaronnie.fr\/wp-content\/uploads\/2023\/07\/17-Fly_me_to_the_moon-Howard.mp3\" target=\"_blank\" rel=\"noopener\">17-Fly_me_to_the_moon (Howard)<\/a><\/p>\n<p><a href=\"https:\/\/manoirdelabaronnie.fr\/wp-content\/uploads\/2023\/07\/18-Newyork_newyork-Kander.mp3\" target=\"_blank\" rel=\"noopener\">18-Newyork_newyork (Kander)<\/a><\/p>\n<p>&nbsp;<\/p>\n","protected":false},"excerpt":{"rendered":"<p>Cette page est d\u00e9di\u00e9e au concert de fin de stage de chant du 16 juillet 2023 dans l&rsquo;\u00e9glise de Marcei Le stage avait lieu \u00e0 100m au Manoir de la Baronnie (Orne) du 14 au 16 juillet 2023 Les audio sont t\u00e9l\u00e9chargeables via click droit \u00ab\u00a0t\u00e9l\u00e9charger sous\u00a0\u00bb Direction artistique : Emmanuelle Isenmann Piano : Laurent &hellip; <a href=\"https:\/\/manoirdelabaronnie.fr\/index.php\/concert-du-16-juillet-2023-fin-de-stage\/\" class=\"more-link\">Continuer la lecture<span class=\"screen-reader-text\"> de &laquo;&nbsp;Concert du 16 juillet 2023 (fin de stage)&nbsp;&raquo;<\/span><\/a><\/p>\n","protected":false},"author":1,"featured_media":0,"parent":0,"menu_order":0,"comment_status":"open","ping_status":"closed","template":"","meta":{"ngg_post_thumbnail":0},"yoast_head":"<!-- This site is optimized with the Yoast SEO plugin v20.4 - https:\/\/yoast.com\/wordpress\/plugins\/seo\/ -->\n<title>Concert du 16 juillet 2023 (fin de stage) - Le Manoir de la Baronnie<\/title>\n<meta name=\"robots\" content=\"index, follow, max-snippet:-1, max-image-preview:large, max-video-preview:-1\" \/>\n<link rel=\"canonical\" href=\"https:\/\/manoirdelabaronnie.fr\/index.php\/concert-du-16-juillet-2023-fin-de-stage\/\" \/>\n<meta property=\"og:locale\" content=\"fr_FR\" \/>\n<meta property=\"og:type\" content=\"article\" \/>\n<meta property=\"og:title\" content=\"Concert du 16 juillet 2023 (fin de stage) - Le Manoir de la Baronnie\" \/>\n<meta property=\"og:description\" content=\"Cette page est d\u00e9di\u00e9e au concert de fin de stage de chant du 16 juillet 2023 dans l&rsquo;\u00e9glise de Marcei Le stage avait lieu \u00e0 100m au Manoir de la Baronnie (Orne) du 14 au 16 juillet 2023 Les audio sont t\u00e9l\u00e9chargeables via click droit \u00ab\u00a0t\u00e9l\u00e9charger sous\u00a0\u00bb Direction artistique : Emmanuelle Isenmann Piano : Laurent &hellip; Continuer la lecture de &laquo;&nbsp;Concert du 16 juillet 2023 (fin de stage)&nbsp;&raquo;\" \/>\n<meta property=\"og:url\" content=\"https:\/\/manoirdelabaronnie.fr\/index.php\/concert-du-16-juillet-2023-fin-de-stage\/\" \/>\n<meta property=\"og:site_name\" content=\"Le Manoir de la Baronnie\" \/>\n<meta property=\"article:modified_time\" content=\"2023-07-27T07:52:01+00:00\" \/>\n<meta property=\"og:image\" content=\"https:\/\/manoirdelabaronnie.fr\/wp-content\/uploads\/2023\/07\/IMG-20230718-WA0033-225x300.jpg\" \/>\n<meta name=\"twitter:card\" content=\"summary_large_image\" \/>\n<meta name=\"twitter:label1\" content=\"Dur\u00e9e de lecture estim\u00e9e\" \/>\n\t<meta name=\"twitter:data1\" content=\"1 minute\" \/>\n<script type=\"application\/ld+json\" class=\"yoast-schema-graph\">{\"@context\":\"https:\/\/schema.org\",\"@graph\":[{\"@type\":\"WebPage\",\"@id\":\"https:\/\/manoirdelabaronnie.fr\/index.php\/concert-du-16-juillet-2023-fin-de-stage\/\",\"url\":\"https:\/\/manoirdelabaronnie.fr\/index.php\/concert-du-16-juillet-2023-fin-de-stage\/\",\"name\":\"Concert du 16 juillet 2023 (fin de stage) - Le Manoir de la Baronnie\",\"isPartOf\":{\"@id\":\"https:\/\/manoirdelabaronnie.fr\/#website\"},\"datePublished\":\"2023-07-18T11:01:02+00:00\",\"dateModified\":\"2023-07-27T07:52:01+00:00\",\"breadcrumb\":{\"@id\":\"https:\/\/manoirdelabaronnie.fr\/index.php\/concert-du-16-juillet-2023-fin-de-stage\/#breadcrumb\"},\"inLanguage\":\"fr-FR\",\"potentialAction\":[{\"@type\":\"ReadAction\",\"target\":[\"https:\/\/manoirdelabaronnie.fr\/index.php\/concert-du-16-juillet-2023-fin-de-stage\/\"]}]},{\"@type\":\"BreadcrumbList\",\"@id\":\"https:\/\/manoirdelabaronnie.fr\/index.php\/concert-du-16-juillet-2023-fin-de-stage\/#breadcrumb\",\"itemListElement\":[{\"@type\":\"ListItem\",\"position\":1,\"name\":\"Accueil\",\"item\":\"https:\/\/manoirdelabaronnie.fr\/\"},{\"@type\":\"ListItem\",\"position\":2,\"name\":\"Concert du 16 juillet 2023 (fin de stage)\"}]},{\"@type\":\"WebSite\",\"@id\":\"https:\/\/manoirdelabaronnie.fr\/#website\",\"url\":\"https:\/\/manoirdelabaronnie.fr\/\",\"name\":\"Le Manoir de la Baronnie\",\"description\":\"Osez le m\u00e9di\u00e9val\",\"potentialAction\":[{\"@type\":\"SearchAction\",\"target\":{\"@type\":\"EntryPoint\",\"urlTemplate\":\"https:\/\/manoirdelabaronnie.fr\/?s={search_term_string}\"},\"query-input\":\"required name=search_term_string\"}],\"inLanguage\":\"fr-FR\"}]}<\/script>\n<!-- \/ Yoast SEO plugin. -->","yoast_head_json":{"title":"Concert du 16 juillet 2023 (fin de stage) - Le Manoir de la Baronnie","robots":{"index":"index","follow":"follow","max-snippet":"max-snippet:-1","max-image-preview":"max-image-preview:large","max-video-preview":"max-video-preview:-1"},"canonical":"https:\/\/manoirdelabaronnie.fr\/index.php\/concert-du-16-juillet-2023-fin-de-stage\/","og_locale":"fr_FR","og_type":"article","og_title":"Concert du 16 juillet 2023 (fin de stage) - Le Manoir de la Baronnie","og_description":"Cette page est d\u00e9di\u00e9e au concert de fin de stage de chant du 16 juillet 2023 dans l&rsquo;\u00e9glise de Marcei Le stage avait lieu \u00e0 100m au Manoir de la Baronnie (Orne) du 14 au 16 juillet 2023 Les audio sont t\u00e9l\u00e9chargeables via click droit \u00ab\u00a0t\u00e9l\u00e9charger sous\u00a0\u00bb Direction artistique : Emmanuelle Isenmann Piano : Laurent &hellip; Continuer la lecture de &laquo;&nbsp;Concert du 16 juillet 2023 (fin de stage)&nbsp;&raquo;","og_url":"https:\/\/manoirdelabaronnie.fr\/index.php\/concert-du-16-juillet-2023-fin-de-stage\/","og_site_name":"Le Manoir de la Baronnie","article_modified_time":"2023-07-27T07:52:01+00:00","og_image":[{"url":"https:\/\/manoirdelabaronnie.fr\/wp-content\/uploads\/2023\/07\/IMG-20230718-WA0033-225x300.jpg"}],"twitter_card":"summary_large_image","twitter_misc":{"Dur\u00e9e de lecture estim\u00e9e":"1 minute"},"schema":{"@context":"https:\/\/schema.org","@graph":[{"@type":"WebPage","@id":"https:\/\/manoirdelabaronnie.fr\/index.php\/concert-du-16-juillet-2023-fin-de-stage\/","url":"https:\/\/manoirdelabaronnie.fr\/index.php\/concert-du-16-juillet-2023-fin-de-stage\/","name":"Concert du 16 juillet 2023 (fin de stage) - Le Manoir de la Baronnie","isPartOf":{"@id":"https:\/\/manoirdelabaronnie.fr\/#website"},"datePublished":"2023-07-18T11:01:02+00:00","dateModified":"2023-07-27T07:52:01+00:00","breadcrumb":{"@id":"https:\/\/manoirdelabaronnie.fr\/index.php\/concert-du-16-juillet-2023-fin-de-stage\/#breadcrumb"},"inLanguage":"fr-FR","potentialAction":[{"@type":"ReadAction","target":["https:\/\/manoirdelabaronnie.fr\/index.php\/concert-du-16-juillet-2023-fin-de-stage\/"]}]},{"@type":"BreadcrumbList","@id":"https:\/\/manoirdelabaronnie.fr\/index.php\/concert-du-16-juillet-2023-fin-de-stage\/#breadcrumb","itemListElement":[{"@type":"ListItem","position":1,"name":"Accueil","item":"https:\/\/manoirdelabaronnie.fr\/"},{"@type":"ListItem","position":2,"name":"Concert du 16 juillet 2023 (fin de stage)"}]},{"@type":"WebSite","@id":"https:\/\/manoirdelabaronnie.fr\/#website","url":"https:\/\/manoirdelabaronnie.fr\/","name":"Le Manoir de la Baronnie","description":"Osez le m\u00e9di\u00e9val","potentialAction":[{"@type":"SearchAction","target":{"@type":"EntryPoint","urlTemplate":"https:\/\/manoirdelabaronnie.fr\/?s={search_term_string}"},"query-input":"required name=search_term_string"}],"inLanguage":"fr-FR"}]}},"_links":{"self":[{"href":"https:\/\/manoirdelabaronnie.fr\/index.php\/wp-json\/wp\/v2\/pages\/893"}],"collection":[{"href":"https:\/\/manoirdelabaronnie.fr\/index.php\/wp-json\/wp\/v2\/pages"}],"about":[{"href":"https:\/\/manoirdelabaronnie.fr\/index.php\/wp-json\/wp\/v2\/types\/page"}],"author":[{"embeddable":true,"href":"https:\/\/manoirdelabaronnie.fr\/index.php\/wp-json\/wp\/v2\/users\/1"}],"replies":[{"embeddable":true,"href":"https:\/\/manoirdelabaronnie.fr\/index.php\/wp-json\/wp\/v2\/comments?post=893"}],"version-history":[{"count":4,"href":"https:\/\/manoirdelabaronnie.fr\/index.php\/wp-json\/wp\/v2\/pages\/893\/revisions"}],"predecessor-version":[{"id":910,"href":"https:\/\/manoirdelabaronnie.fr\/index.php\/wp-json\/wp\/v2\/pages\/893\/revisions\/910"}],"wp:attachment":[{"href":"https:\/\/manoirdelabaronnie.fr\/index.php\/wp-json\/wp\/v2\/media?parent=893"}],"curies":[{"name":"wp","href":"https:\/\/api.w.org\/{rel}","templated":true}]}}

<p>Cette page est dédiée au concert de fin de stage de chant du 16 juillet 2023 dans l&rsquo;église de Marcei</p>
<p>Le stage avait lieu à 100m au Manoir de la Baronnie (Orne) du 14 au 16 juillet 2023</p>
<p>Les audio sont téléchargeables via click droit « télécharger sous »</p>
<p><img loading="lazy" class="alignnone size-medium wp-image-899" src="https://manoirdelabaronnie.fr/wp-content/uploads/2023/07/IMG-20230718-WA0033-225x300.jpg" alt="" width="225" height="300" srcset="https://manoirdelabaronnie.fr/wp-content/uploads/2023/07/IMG-20230718-WA0033-225x300.jpg 225w, https://manoirdelabaronnie.fr/wp-content/uploads/2023/07/IMG-20230718-WA0033-768x1024.jpg 768w, https://manoirdelabaronnie.fr/wp-content/uploads/2023/07/IMG-20230718-WA0033-1152x1536.jpg 1152w, https://manoirdelabaronnie.fr/wp-content/uploads/2023/07/IMG-20230718-WA0033-1200x1600.jpg 1200w, https://manoirdelabaronnie.fr/wp-content/uploads/2023/07/IMG-20230718-WA0033.jpg 1500w" sizes="(max-width: 225px) 85vw, 225px" /></p>
<p>Direction artistique : Emmanuelle Isenmann</p>
<p>Piano : Laurent Vuong</p>
<p><a href="https://manoirdelabaronnie.fr/wp-content/uploads/2023/07/1-Fervido_desiderio-Bellini.mp3" target="_blank" rel="noopener">1-Fervido_desiderio (Bellini)</a></p>
<p><a href="https://manoirdelabaronnie.fr/wp-content/uploads/2023/07/2-Nel_cor_piu_non_mi_sento-Paisiello.mp3" target="_blank" rel="noopener">2-Nel_cor_piu_non_mi_sento (Paisiello)</a></p>
<p><a href="https://manoirdelabaronnie.fr/wp-content/uploads/2023/07/3-All_of_me-Simons.mp3" target="_blank" rel="noopener">3-All_of_me (Simons)</a></p>
<p><a href="https://manoirdelabaronnie.fr/wp-content/uploads/2023/07/4-Sous_le_ciel_de_Paris-Drejac.mp3" target="_blank" rel="noopener">4-Sous_le_ciel_de_Paris (Drejac)</a></p>
<p><a href="https://manoirdelabaronnie.fr/wp-content/uploads/2023/07/5-Never_enough-Pasek.mp3" target="_blank" rel="noopener">5-Never_enough (Pasek)</a></p>
<p><a href="https://manoirdelabaronnie.fr/wp-content/uploads/2023/07/6-Pie_Jesu-Faure.mp3" target="_blank" rel="noopener">6-Pie_Jesu (Faure)</a></p>
<p><a href="https://manoirdelabaronnie.fr/wp-content/uploads/2023/07/7-De_miei_bollenti_spiriti-Verdi.mp3" target="_blank" rel="noopener">7-De_miei_bollenti_spiriti (Verdi)</a></p>
<p><a href="https://manoirdelabaronnie.fr/wp-content/uploads/2023/07/8-Im_Abendrot-Schubert.mp3" target="_blank" rel="noopener">8-Im_Abendrot (Schubert)</a></p>
<p><a href="https://manoirdelabaronnie.fr/wp-content/uploads/2023/07/9-De_un_mundo_raro-Marin.mp3" target="_blank" rel="noopener">9-De_un_mundo_raro (Marin)</a></p>
<p><a href="https://manoirdelabaronnie.fr/wp-content/uploads/2023/07/10-Amstrong-Nougaro.mp3" target="_blank" rel="noopener">10-Amstrong (Nougaro)</a></p>
<p><a href="https://manoirdelabaronnie.fr/wp-content/uploads/2023/07/11-Signore_delle_cime-Marzi.mp3" target="_blank" rel="noopener">11-Signore_delle_cime (Marzi)</a></p>
<p><a href="https://manoirdelabaronnie.fr/wp-content/uploads/2023/07/12-O_sole_mio-Capua.mp3" target="_blank" rel="noopener">12-O_sole_mio (Capua)</a></p>
<p><a href="https://manoirdelabaronnie.fr/wp-content/uploads/2023/07/13-Neere-Hahn.mp3" target="_blank" rel="noopener">13-Neere (Hahn)</a></p>
<p><a href="https://manoirdelabaronnie.fr/wp-content/uploads/2023/07/14-Dans_un_bois_solitaire-Mozart.mp3" target="_blank" rel="noopener">14-Dans_un_bois_solitaire (Mozart)</a></p>
<p><a href="https://manoirdelabaronnie.fr/wp-content/uploads/2023/07/15-La_ci_darem_la_mano-Mozart.mp3" target="_blank" rel="noopener">15-La_ci_darem_la_mano (Mozart)</a></p>
<p><a href="https://manoirdelabaronnie.fr/wp-content/uploads/2023/07/16-Una_furtiva_lagrima-Donizetti.mp3" target="_blank" rel="noopener">16-Una_furtiva_lagrima (Donizetti)</a></p>
<p><a href="https://manoirdelabaronnie.fr/wp-content/uploads/2023/07/17-Fly_me_to_the_moon-Howard.mp3" target="_blank" rel="noopener">17-Fly_me_to_the_moon (Howard)</a></p>
<p><a href="https://manoirdelabaronnie.fr/wp-content/uploads/2023/07/18-Newyork_newyork-Kander.mp3" target="_blank" rel="noopener">18-Newyork_newyork (Kander)</a></p>
<p>&nbsp;</p>

<p>Cette page est dédiée au concert de fin de stage de chant du 16 juillet 2023 dans l&rsquo;église de Marcei Le stage avait lieu à 100m au Manoir de la Baronnie (Orne) du 14 au 16 juillet 2023 Les audio sont téléchargeables via click droit « télécharger sous » Direction artistique : Emmanuelle Isenmann Piano : Laurent &hellip; <a href="https://manoirdelabaronnie.fr/index.php/concert-du-16-juillet-2023-fin-de-stage/" class="more-link">Continuer la lecture<span class="screen-reader-text"> de &laquo;&nbsp;Concert du 16 juillet 2023 (fin de stage)&nbsp;&raquo;</span></a></p>

<!-- This site is optimized with the Yoast SEO plugin v20.4 - https://yoast.com/wordpress/plugins/seo/ -->
<title>Concert du 16 juillet 2023 (fin de stage) - Le Manoir de la Baronnie</title>
<meta name="robots" content="index, follow, max-snippet:-1, max-image-preview:large, max-video-preview:-1" />
<link rel="canonical" href="https://manoirdelabaronnie.fr/index.php/concert-du-16-juillet-2023-fin-de-stage/" />
<meta property="og:locale" content="fr_FR" />
<meta property="og:type" content="article" />
<meta property="og:title" content="Concert du 16 juillet 2023 (fin de stage) - Le Manoir de la Baronnie" />
<meta property="og:description" content="Cette page est dédiée au concert de fin de stage de chant du 16 juillet 2023 dans l&rsquo;église de Marcei Le stage avait lieu à 100m au Manoir de la Baronnie (Orne) du 14 au 16 juillet 2023 Les audio sont téléchargeables via click droit « télécharger sous » Direction artistique : Emmanuelle Isenmann Piano : Laurent &hellip; Continuer la lecture de &laquo;&nbsp;Concert du 16 juillet 2023 (fin de stage)&nbsp;&raquo;" />
<meta property="og:url" content="https://manoirdelabaronnie.fr/index.php/concert-du-16-juillet-2023-fin-de-stage/" />
<meta property="og:site_name" content="Le Manoir de la Baronnie" />
<meta property="article:modified_time" content="2023-07-27T07:52:01+00:00" />
<meta property="og:image" content="https://manoirdelabaronnie.fr/wp-content/uploads/2023/07/IMG-20230718-WA0033-225x300.jpg" />
<meta name="twitter:card" content="summary_large_image" />
<meta name="twitter:label1" content="Durée de lecture estimée" />
	<meta name="twitter:data1" content="1 minute" />
<script type="application/ld+json" class="yoast-schema-graph">{"@context":"https://schema.org","@graph":[{"@type":"WebPage","@id":"https://manoirdelabaronnie.fr/index.php/concert-du-16-juillet-2023-fin-de-stage/","url":"https://manoirdelabaronnie.fr/index.php/concert-du-16-juillet-2023-fin-de-stage/","name":"Concert du 16 juillet 2023 (fin de stage) - Le Manoir de la Baronnie","isPartOf":{"@id":"https://manoirdelabaronnie.fr/#website"},"datePublished":"2023-07-18T11:01:02+00:00","dateModified":"2023-07-27T07:52:01+00:00","breadcrumb":{"@id":"https://manoirdelabaronnie.fr/index.php/concert-du-16-juillet-2023-fin-de-stage/#breadcrumb"},"inLanguage":"fr-FR","potentialAction":[{"@type":"ReadAction","target":["https://manoirdelabaronnie.fr/index.php/concert-du-16-juillet-2023-fin-de-stage/"]}]},{"@type":"BreadcrumbList","@id":"https://manoirdelabaronnie.fr/index.php/concert-du-16-juillet-2023-fin-de-stage/#breadcrumb","itemListElement":[{"@type":"ListItem","position":1,"name":"Accueil","item":"https://manoirdelabaronnie.fr/"},{"@type":"ListItem","position":2,"name":"Concert du 16 juillet 2023 (fin de stage)"}]},{"@type":"WebSite","@id":"https://manoirdelabaronnie.fr/#website","url":"https://manoirdelabaronnie.fr/","name":"Le Manoir de la Baronnie","description":"Osez le médiéval","potentialAction":[{"@type":"SearchAction","target":{"@type":"EntryPoint","urlTemplate":"https://manoirdelabaronnie.fr/?s={search_term_string}"},"query-input":"required name=search_term_string"}],"inLanguage":"fr-FR"}]}</script>
<!-- / Yoast SEO plugin. -->

Cette page est dédiée au concert de fin de stage de chant du 16 juillet 2023 dans l&rsquo;église de Marcei Le stage avait lieu à 100m au Manoir de la Baronnie (Orne) du 14 au 16 juillet 2023 Les audio sont téléchargeables via click droit « télécharger sous » Direction artistique : Emmanuelle Isenmann Piano : Laurent &hellip; Continuer la lecture de &laquo;&nbsp;Concert du 16 juillet 2023 (fin de stage)&nbsp;&raquo;

Osez le médiéval
