{"id":914,"date":"2023-08-15T16:17:55","date_gmt":"2023-08-15T14:17:55","guid":{"rendered":"https:\/\/manoirdelabaronnie.fr\/?page_id=914"},"modified":"2026-03-17T20:48:40","modified_gmt":"2026-03-17T19:48:40","slug":"les-amis-de-la-baronnie-de-marcei","status":"publish","type":"page","link":"https:\/\/manoirdelabaronnie.fr\/index.php\/les-amis-de-la-baronnie-de-marcei\/","title":{"rendered":"Les amis de la Baronnie de Marcei"},"content":{"rendered":"<p>Cette page est d\u00e9di\u00e9e \u00e0 l&rsquo;association \u00ab\u00a0Les amis de la Baronnie de Marcei\u00a0\u00bb<\/p>\n<p>&nbsp;<\/p>\n<p>Date assembl\u00e9e constitutive : 25 mai 2024<\/p>\n<p>Le but de cette association:<\/p>\n<p>Favoriser l&rsquo;ouverture du manoir, notamment aux habitants de la commune et aux scolaires.<\/p>\n<p>Mener des recherches sur le manoir, le village et ses environs et de diffuser le r\u00e9sultat de ces recherches.<\/p>\n<p>Organiser des \u00e9v\u00e8nements (repas m\u00e9di\u00e9vaux, excursions, concerts, conf\u00e9rences, bourses aux plantes, rencontre avec d&rsquo;autres associations\u2026<\/p>\n<p>\u00eatre un interlocuteur privil\u00e9gi\u00e9 de la commune et des autres collectivit\u00e9s territoriales ou \u00e9tablissements publics.<\/p>\n<p>Adh\u00e9sion : 10\u20ac \/ an<\/p>\n<p>pour toute demande d&rsquo;informations, veuillez nous \u00e9crire \u00e0 :<\/p>\n<p><a href=\"mailto:lesamisdelabaronniedemarcei@gmail.com\" target=\"_blank\" rel=\"noopener\">lesamisdelabaronniedemarcei@gmail.com<\/a><\/p>\n<p>Journal FR3 Normandie journ\u00e9es du patrimoine 2023<\/p>\n\r\n    <div>        \r\n    <video id=\"plyr69e4aa2f8a6da\" controls class=\"easy-video-player\">\r\n       <source src=\"https:\/\/manoirdelabaronnie.fr\/wp-content\/uploads\/2023\/09\/EmissionDimanche17Septembre2023FR3Normandie.mp4\" type=\"video\/mp4\" \/>\r\n    <\/video>\r\n    <\/div>    <script>\r\n        const evplayerplyr69e4aa2f8a6da = new Plyr(document.getElementById('plyr69e4aa2f8a6da'));\r\n        evplayerplyr69e4aa2f8a6da.ratio = '16:9';\r\n        evplayerplyr69e4aa2f8a6da.iconUrl = 'https:\/\/manoirdelabaronnie.fr\/wp-content\/plugins\/easy-video-player\/lib\/plyr.svg';\r\n        evplayerplyr69e4aa2f8a6da.blankVideo = 'https:\/\/manoirdelabaronnie.fr\/wp-content\/plugins\/easy-video-player\/lib\/blank.mp4';  \r\n    <\/script>\n<p>&nbsp;<\/p>\n<p>D\u00e9couvrez un&nbsp;&nbsp;<a href=\"https:\/\/manoirdelabaronnie.fr\/wp-content\/uploads\/2023\/09\/Les_Dimanches_de_la_femme.pdf\" target=\"_blank\" rel=\"noopener\">Roman<\/a>&nbsp; in\u00e9dit de Jean de Kerlecq (l&rsquo;Appel de la terre p19)se d\u00e9roulant \u00e0 la ferme du bois Maheu et au Manoir (datant du si\u00e8cle dernier)<\/p>\n<p>2 photos anciennes du manoir:<\/p>\n<p><img loading=\"lazy\" class=\"alignnone wp-image-942\" src=\"https:\/\/manoirdelabaronnie.fr\/wp-content\/uploads\/2023\/10\/manoir_old2-300x225.jpg\" alt=\"\" width=\"587\" height=\"440\" srcset=\"https:\/\/manoirdelabaronnie.fr\/wp-content\/uploads\/2023\/10\/manoir_old2-300x225.jpg 300w, https:\/\/manoirdelabaronnie.fr\/wp-content\/uploads\/2023\/10\/manoir_old2-1024x768.jpg 1024w, https:\/\/manoirdelabaronnie.fr\/wp-content\/uploads\/2023\/10\/manoir_old2-768x576.jpg 768w, https:\/\/manoirdelabaronnie.fr\/wp-content\/uploads\/2023\/10\/manoir_old2-1536x1152.jpg 1536w, https:\/\/manoirdelabaronnie.fr\/wp-content\/uploads\/2023\/10\/manoir_old2-2048x1536.jpg 2048w, https:\/\/manoirdelabaronnie.fr\/wp-content\/uploads\/2023\/10\/manoir_old2-1200x900.jpg 1200w\" sizes=\"(max-width: 587px) 85vw, 587px\" \/><\/p>\n<p>&nbsp;<\/p>\n<p>Un souvenir du colombier (d\u00e9truit dans les ann\u00e9es 60)<\/p>\n<p><img loading=\"lazy\" class=\"alignnone wp-image-941\" src=\"https:\/\/manoirdelabaronnie.fr\/wp-content\/uploads\/2023\/10\/manoir_old1-300x225.jpg\" alt=\"\" width=\"587\" height=\"440\" srcset=\"https:\/\/manoirdelabaronnie.fr\/wp-content\/uploads\/2023\/10\/manoir_old1-300x225.jpg 300w, https:\/\/manoirdelabaronnie.fr\/wp-content\/uploads\/2023\/10\/manoir_old1-1024x768.jpg 1024w, https:\/\/manoirdelabaronnie.fr\/wp-content\/uploads\/2023\/10\/manoir_old1-768x576.jpg 768w, https:\/\/manoirdelabaronnie.fr\/wp-content\/uploads\/2023\/10\/manoir_old1-1536x1152.jpg 1536w, https:\/\/manoirdelabaronnie.fr\/wp-content\/uploads\/2023\/10\/manoir_old1-2048x1536.jpg 2048w, https:\/\/manoirdelabaronnie.fr\/wp-content\/uploads\/2023\/10\/manoir_old1-1200x900.jpg 1200w\" sizes=\"(max-width: 587px) 85vw, 587px\" \/><\/p>\n<p>Un extrait de la soir\u00e9e du 25 mai 2024 (concert + danse)<br \/>\n\r\n    <div>        \r\n    <video id=\"plyr69e4aa2f8a706\" controls class=\"easy-video-player\">\r\n       <source src=\"https:\/\/manoirdelabaronnie.fr\/wp-content\/uploads\/2024\/07\/montage_chant_danse.mp4\" type=\"video\/mp4\" \/>\r\n    <\/video>\r\n    <\/div>    <script>\r\n        const evplayerplyr69e4aa2f8a706 = new Plyr(document.getElementById('plyr69e4aa2f8a706'));\r\n        evplayerplyr69e4aa2f8a706.ratio = '16:9';\r\n        evplayerplyr69e4aa2f8a706.iconUrl = 'https:\/\/manoirdelabaronnie.fr\/wp-content\/plugins\/easy-video-player\/lib\/plyr.svg';\r\n        evplayerplyr69e4aa2f8a706.blankVideo = 'https:\/\/manoirdelabaronnie.fr\/wp-content\/plugins\/easy-video-player\/lib\/blank.mp4';  \r\n    <\/script><\/p>\n<p>&nbsp;<\/p>\n<p>La salle des parchemins avant, pendant et apr\u00e8s les travaux (2024):<\/p>\n<p><img loading=\"lazy\" class=\"alignnone size-medium wp-image-978\" src=\"https:\/\/manoirdelabaronnie.fr\/wp-content\/uploads\/2024\/09\/1725381106035-300x225.jpg\" alt=\"\" width=\"300\" height=\"225\" srcset=\"https:\/\/manoirdelabaronnie.fr\/wp-content\/uploads\/2024\/09\/1725381106035-300x225.jpg 300w, https:\/\/manoirdelabaronnie.fr\/wp-content\/uploads\/2024\/09\/1725381106035-1024x768.jpg 1024w, https:\/\/manoirdelabaronnie.fr\/wp-content\/uploads\/2024\/09\/1725381106035-768x576.jpg 768w, https:\/\/manoirdelabaronnie.fr\/wp-content\/uploads\/2024\/09\/1725381106035-1536x1152.jpg 1536w, https:\/\/manoirdelabaronnie.fr\/wp-content\/uploads\/2024\/09\/1725381106035-2048x1536.jpg 2048w, https:\/\/manoirdelabaronnie.fr\/wp-content\/uploads\/2024\/09\/1725381106035-1200x900.jpg 1200w\" sizes=\"(max-width: 300px) 85vw, 300px\" \/><\/p>\n<p><img loading=\"lazy\" class=\"alignnone size-medium wp-image-977\" src=\"https:\/\/manoirdelabaronnie.fr\/wp-content\/uploads\/2024\/09\/1725381076204-225x300.jpg\" alt=\"\" width=\"225\" height=\"300\" srcset=\"https:\/\/manoirdelabaronnie.fr\/wp-content\/uploads\/2024\/09\/1725381076204-225x300.jpg 225w, https:\/\/manoirdelabaronnie.fr\/wp-content\/uploads\/2024\/09\/1725381076204-768x1024.jpg 768w, https:\/\/manoirdelabaronnie.fr\/wp-content\/uploads\/2024\/09\/1725381076204-1152x1536.jpg 1152w, https:\/\/manoirdelabaronnie.fr\/wp-content\/uploads\/2024\/09\/1725381076204.jpg 1200w\" sizes=\"(max-width: 225px) 85vw, 225px\" \/><img loading=\"lazy\" class=\"alignnone size-medium wp-image-981\" src=\"https:\/\/manoirdelabaronnie.fr\/wp-content\/uploads\/2024\/09\/1725981848860-225x300.jpg\" alt=\"\" width=\"225\" height=\"300\" srcset=\"https:\/\/manoirdelabaronnie.fr\/wp-content\/uploads\/2024\/09\/1725981848860-225x300.jpg 225w, https:\/\/manoirdelabaronnie.fr\/wp-content\/uploads\/2024\/09\/1725981848860-768x1024.jpg 768w, https:\/\/manoirdelabaronnie.fr\/wp-content\/uploads\/2024\/09\/1725981848860-1152x1536.jpg 1152w, https:\/\/manoirdelabaronnie.fr\/wp-content\/uploads\/2024\/09\/1725981848860-1536x2048.jpg 1536w, https:\/\/manoirdelabaronnie.fr\/wp-content\/uploads\/2024\/09\/1725981848860-1200x1600.jpg 1200w, https:\/\/manoirdelabaronnie.fr\/wp-content\/uploads\/2024\/09\/1725981848860-scaled.jpg 1920w\" sizes=\"(max-width: 225px) 85vw, 225px\" \/><\/p>\n<p>&nbsp;<\/p>\n<p>travaux sur le b\u00e2timent en 2025: Contreforts, fen\u00eatres \u00e0 meneaux,&nbsp;<\/p>\n<p><img loading=\"lazy\" class=\"alignnone size-medium wp-image-1111\" src=\"https:\/\/manoirdelabaronnie.fr\/wp-content\/uploads\/2025\/12\/1765730323715-225x300.jpg\" alt=\"\" width=\"225\" height=\"300\" srcset=\"https:\/\/manoirdelabaronnie.fr\/wp-content\/uploads\/2025\/12\/1765730323715-225x300.jpg 225w, https:\/\/manoirdelabaronnie.fr\/wp-content\/uploads\/2025\/12\/1765730323715-768x1024.jpg 768w, https:\/\/manoirdelabaronnie.fr\/wp-content\/uploads\/2025\/12\/1765730323715-1152x1536.jpg 1152w, https:\/\/manoirdelabaronnie.fr\/wp-content\/uploads\/2025\/12\/1765730323715-1200x1600.jpg 1200w, https:\/\/manoirdelabaronnie.fr\/wp-content\/uploads\/2025\/12\/1765730323715.jpg 1530w\" sizes=\"(max-width: 225px) 85vw, 225px\" \/><img loading=\"lazy\" class=\"alignnone size-medium wp-image-1108\" src=\"https:\/\/manoirdelabaronnie.fr\/wp-content\/uploads\/2025\/12\/1765729713775-225x300.jpg\" alt=\"\" width=\"225\" height=\"300\" srcset=\"https:\/\/manoirdelabaronnie.fr\/wp-content\/uploads\/2025\/12\/1765729713775-225x300.jpg 225w, https:\/\/manoirdelabaronnie.fr\/wp-content\/uploads\/2025\/12\/1765729713775-768x1024.jpg 768w, https:\/\/manoirdelabaronnie.fr\/wp-content\/uploads\/2025\/12\/1765729713775-1152x1536.jpg 1152w, https:\/\/manoirdelabaronnie.fr\/wp-content\/uploads\/2025\/12\/1765729713775-1200x1600.jpg 1200w, https:\/\/manoirdelabaronnie.fr\/wp-content\/uploads\/2025\/12\/1765729713775.jpg 1530w\" sizes=\"(max-width: 225px) 85vw, 225px\" \/><img loading=\"lazy\" class=\"alignnone size-medium wp-image-1107\" src=\"https:\/\/manoirdelabaronnie.fr\/wp-content\/uploads\/2025\/12\/1765729713782-225x300.jpg\" alt=\"\" width=\"225\" height=\"300\" srcset=\"https:\/\/manoirdelabaronnie.fr\/wp-content\/uploads\/2025\/12\/1765729713782-225x300.jpg 225w, https:\/\/manoirdelabaronnie.fr\/wp-content\/uploads\/2025\/12\/1765729713782-768x1024.jpg 768w, https:\/\/manoirdelabaronnie.fr\/wp-content\/uploads\/2025\/12\/1765729713782-1152x1536.jpg 1152w, https:\/\/manoirdelabaronnie.fr\/wp-content\/uploads\/2025\/12\/1765729713782-1200x1600.jpg 1200w, https:\/\/manoirdelabaronnie.fr\/wp-content\/uploads\/2025\/12\/1765729713782.jpg 1530w\" sizes=\"(max-width: 225px) 85vw, 225px\" \/><img loading=\"lazy\" class=\"alignnone size-medium wp-image-1105\" src=\"https:\/\/manoirdelabaronnie.fr\/wp-content\/uploads\/2025\/12\/1765729713778-225x300.jpg\" alt=\"\" width=\"225\" height=\"300\" srcset=\"https:\/\/manoirdelabaronnie.fr\/wp-content\/uploads\/2025\/12\/1765729713778-225x300.jpg 225w, https:\/\/manoirdelabaronnie.fr\/wp-content\/uploads\/2025\/12\/1765729713778-768x1024.jpg 768w, https:\/\/manoirdelabaronnie.fr\/wp-content\/uploads\/2025\/12\/1765729713778-1152x1536.jpg 1152w, https:\/\/manoirdelabaronnie.fr\/wp-content\/uploads\/2025\/12\/1765729713778-1200x1600.jpg 1200w, https:\/\/manoirdelabaronnie.fr\/wp-content\/uploads\/2025\/12\/1765729713778.jpg 1530w\" sizes=\"(max-width: 225px) 85vw, 225px\" \/><img loading=\"lazy\" class=\"alignnone size-medium wp-image-1106\" src=\"https:\/\/manoirdelabaronnie.fr\/wp-content\/uploads\/2025\/12\/1765729713793-225x300.jpg\" alt=\"\" width=\"225\" height=\"300\" srcset=\"https:\/\/manoirdelabaronnie.fr\/wp-content\/uploads\/2025\/12\/1765729713793-225x300.jpg 225w, https:\/\/manoirdelabaronnie.fr\/wp-content\/uploads\/2025\/12\/1765729713793-768x1024.jpg 768w, https:\/\/manoirdelabaronnie.fr\/wp-content\/uploads\/2025\/12\/1765729713793-1152x1536.jpg 1152w, https:\/\/manoirdelabaronnie.fr\/wp-content\/uploads\/2025\/12\/1765729713793-1200x1600.jpg 1200w, https:\/\/manoirdelabaronnie.fr\/wp-content\/uploads\/2025\/12\/1765729713793.jpg 1530w\" sizes=\"(max-width: 225px) 85vw, 225px\" \/><img loading=\"lazy\" class=\"alignnone size-medium wp-image-1104\" src=\"https:\/\/manoirdelabaronnie.fr\/wp-content\/uploads\/2025\/12\/1765729802415-225x300.jpg\" alt=\"\" width=\"225\" height=\"300\" srcset=\"https:\/\/manoirdelabaronnie.fr\/wp-content\/uploads\/2025\/12\/1765729802415-225x300.jpg 225w, https:\/\/manoirdelabaronnie.fr\/wp-content\/uploads\/2025\/12\/1765729802415-768x1024.jpg 768w, https:\/\/manoirdelabaronnie.fr\/wp-content\/uploads\/2025\/12\/1765729802415-1152x1536.jpg 1152w, https:\/\/manoirdelabaronnie.fr\/wp-content\/uploads\/2025\/12\/1765729802415-1536x2048.jpg 1536w, https:\/\/manoirdelabaronnie.fr\/wp-content\/uploads\/2025\/12\/1765729802415-1200x1600.jpg 1200w, https:\/\/manoirdelabaronnie.fr\/wp-content\/uploads\/2025\/12\/1765729802415-scaled.jpg 1920w\" sizes=\"(max-width: 225px) 85vw, 225px\" \/><img loading=\"lazy\" class=\"alignnone size-medium wp-image-1110\" src=\"https:\/\/manoirdelabaronnie.fr\/wp-content\/uploads\/2025\/12\/1765729781331-225x300.jpg\" alt=\"\" width=\"225\" height=\"300\" srcset=\"https:\/\/manoirdelabaronnie.fr\/wp-content\/uploads\/2025\/12\/1765729781331-225x300.jpg 225w, https:\/\/manoirdelabaronnie.fr\/wp-content\/uploads\/2025\/12\/1765729781331-768x1024.jpg 768w, https:\/\/manoirdelabaronnie.fr\/wp-content\/uploads\/2025\/12\/1765729781331-1152x1536.jpg 1152w, https:\/\/manoirdelabaronnie.fr\/wp-content\/uploads\/2025\/12\/1765729781331-1536x2048.jpg 1536w, https:\/\/manoirdelabaronnie.fr\/wp-content\/uploads\/2025\/12\/1765729781331-1200x1600.jpg 1200w, https:\/\/manoirdelabaronnie.fr\/wp-content\/uploads\/2025\/12\/1765729781331-scaled.jpg 1920w\" sizes=\"(max-width: 225px) 85vw, 225px\" \/><img loading=\"lazy\" class=\"alignnone size-medium wp-image-1109\" src=\"https:\/\/manoirdelabaronnie.fr\/wp-content\/uploads\/2025\/12\/1765729713789-225x300.jpg\" alt=\"\" width=\"225\" height=\"300\" srcset=\"https:\/\/manoirdelabaronnie.fr\/wp-content\/uploads\/2025\/12\/1765729713789-225x300.jpg 225w, https:\/\/manoirdelabaronnie.fr\/wp-content\/uploads\/2025\/12\/1765729713789-768x1024.jpg 768w, https:\/\/manoirdelabaronnie.fr\/wp-content\/uploads\/2025\/12\/1765729713789-1152x1536.jpg 1152w, https:\/\/manoirdelabaronnie.fr\/wp-content\/uploads\/2025\/12\/1765729713789-1200x1600.jpg 1200w, https:\/\/manoirdelabaronnie.fr\/wp-content\/uploads\/2025\/12\/1765729713789.jpg 1530w\" sizes=\"(max-width: 225px) 85vw, 225px\" \/><\/p>\n<p>&nbsp;<\/p>\n","protected":false},"excerpt":{"rendered":"<p>Cette page est d\u00e9di\u00e9e \u00e0 l&rsquo;association \u00ab\u00a0Les amis de la Baronnie de Marcei\u00a0\u00bb &nbsp; Date assembl\u00e9e constitutive : 25 mai 2024 Le but de cette association: Favoriser l&rsquo;ouverture du manoir, notamment aux habitants de la commune et aux scolaires. Mener des recherches sur le manoir, le village et ses environs et de diffuser le r\u00e9sultat &hellip; <a href=\"https:\/\/manoirdelabaronnie.fr\/index.php\/les-amis-de-la-baronnie-de-marcei\/\" class=\"more-link\">Continuer la lecture<span class=\"screen-reader-text\"> de &laquo;&nbsp;Les amis de la Baronnie de Marcei&nbsp;&raquo;<\/span><\/a><\/p>\n","protected":false},"author":1,"featured_media":0,"parent":0,"menu_order":0,"comment_status":"open","ping_status":"closed","template":"","meta":{"ngg_post_thumbnail":0},"yoast_head":"<!-- This site is optimized with the Yoast SEO plugin v20.4 - https:\/\/yoast.com\/wordpress\/plugins\/seo\/ -->\n<title>Les amis de la Baronnie de Marcei - Le Manoir de la Baronnie<\/title>\n<meta name=\"robots\" content=\"index, follow, max-snippet:-1, max-image-preview:large, max-video-preview:-1\" \/>\n<link rel=\"canonical\" href=\"https:\/\/manoirdelabaronnie.fr\/index.php\/les-amis-de-la-baronnie-de-marcei\/\" \/>\n<meta property=\"og:locale\" content=\"fr_FR\" \/>\n<meta property=\"og:type\" content=\"article\" \/>\n<meta property=\"og:title\" content=\"Les amis de la Baronnie de Marcei - Le Manoir de la Baronnie\" \/>\n<meta property=\"og:description\" content=\"Cette page est d\u00e9di\u00e9e \u00e0 l&rsquo;association \u00ab\u00a0Les amis de la Baronnie de Marcei\u00a0\u00bb &nbsp; Date assembl\u00e9e constitutive : 25 mai 2024 Le but de cette association: Favoriser l&rsquo;ouverture du manoir, notamment aux habitants de la commune et aux scolaires. Mener des recherches sur le manoir, le village et ses environs et de diffuser le r\u00e9sultat &hellip; Continuer la lecture de &laquo;&nbsp;Les amis de la Baronnie de Marcei&nbsp;&raquo;\" \/>\n<meta property=\"og:url\" content=\"https:\/\/manoirdelabaronnie.fr\/index.php\/les-amis-de-la-baronnie-de-marcei\/\" \/>\n<meta property=\"og:site_name\" content=\"Le Manoir de la Baronnie\" \/>\n<meta property=\"article:modified_time\" content=\"2026-03-17T19:48:40+00:00\" \/>\n<meta property=\"og:image\" content=\"https:\/\/manoirdelabaronnie.fr\/wp-content\/uploads\/2023\/10\/manoir_old2-300x225.jpg\" \/>\n<meta name=\"twitter:card\" content=\"summary_large_image\" \/>\n<meta name=\"twitter:label1\" content=\"Dur\u00e9e de lecture estim\u00e9e\" \/>\n\t<meta name=\"twitter:data1\" content=\"4 minutes\" \/>\n<script type=\"application\/ld+json\" class=\"yoast-schema-graph\">{\"@context\":\"https:\/\/schema.org\",\"@graph\":[{\"@type\":\"WebPage\",\"@id\":\"https:\/\/manoirdelabaronnie.fr\/index.php\/les-amis-de-la-baronnie-de-marcei\/\",\"url\":\"https:\/\/manoirdelabaronnie.fr\/index.php\/les-amis-de-la-baronnie-de-marcei\/\",\"name\":\"Les amis de la Baronnie de Marcei - Le Manoir de la Baronnie\",\"isPartOf\":{\"@id\":\"https:\/\/manoirdelabaronnie.fr\/#website\"},\"datePublished\":\"2023-08-15T14:17:55+00:00\",\"dateModified\":\"2026-03-17T19:48:40+00:00\",\"breadcrumb\":{\"@id\":\"https:\/\/manoirdelabaronnie.fr\/index.php\/les-amis-de-la-baronnie-de-marcei\/#breadcrumb\"},\"inLanguage\":\"fr-FR\",\"potentialAction\":[{\"@type\":\"ReadAction\",\"target\":[\"https:\/\/manoirdelabaronnie.fr\/index.php\/les-amis-de-la-baronnie-de-marcei\/\"]}]},{\"@type\":\"BreadcrumbList\",\"@id\":\"https:\/\/manoirdelabaronnie.fr\/index.php\/les-amis-de-la-baronnie-de-marcei\/#breadcrumb\",\"itemListElement\":[{\"@type\":\"ListItem\",\"position\":1,\"name\":\"Accueil\",\"item\":\"https:\/\/manoirdelabaronnie.fr\/\"},{\"@type\":\"ListItem\",\"position\":2,\"name\":\"Les amis de la Baronnie de Marcei\"}]},{\"@type\":\"WebSite\",\"@id\":\"https:\/\/manoirdelabaronnie.fr\/#website\",\"url\":\"https:\/\/manoirdelabaronnie.fr\/\",\"name\":\"Le Manoir de la Baronnie\",\"description\":\"Osez le m\u00e9di\u00e9val\",\"potentialAction\":[{\"@type\":\"SearchAction\",\"target\":{\"@type\":\"EntryPoint\",\"urlTemplate\":\"https:\/\/manoirdelabaronnie.fr\/?s={search_term_string}\"},\"query-input\":\"required name=search_term_string\"}],\"inLanguage\":\"fr-FR\"}]}<\/script>\n<!-- \/ Yoast SEO plugin. -->","yoast_head_json":{"title":"Les amis de la Baronnie de Marcei - Le Manoir de la Baronnie","robots":{"index":"index","follow":"follow","max-snippet":"max-snippet:-1","max-image-preview":"max-image-preview:large","max-video-preview":"max-video-preview:-1"},"canonical":"https:\/\/manoirdelabaronnie.fr\/index.php\/les-amis-de-la-baronnie-de-marcei\/","og_locale":"fr_FR","og_type":"article","og_title":"Les amis de la Baronnie de Marcei - Le Manoir de la Baronnie","og_description":"Cette page est d\u00e9di\u00e9e \u00e0 l&rsquo;association \u00ab\u00a0Les amis de la Baronnie de Marcei\u00a0\u00bb &nbsp; Date assembl\u00e9e constitutive : 25 mai 2024 Le but de cette association: Favoriser l&rsquo;ouverture du manoir, notamment aux habitants de la commune et aux scolaires. Mener des recherches sur le manoir, le village et ses environs et de diffuser le r\u00e9sultat &hellip; Continuer la lecture de &laquo;&nbsp;Les amis de la Baronnie de Marcei&nbsp;&raquo;","og_url":"https:\/\/manoirdelabaronnie.fr\/index.php\/les-amis-de-la-baronnie-de-marcei\/","og_site_name":"Le Manoir de la Baronnie","article_modified_time":"2026-03-17T19:48:40+00:00","og_image":[{"url":"https:\/\/manoirdelabaronnie.fr\/wp-content\/uploads\/2023\/10\/manoir_old2-300x225.jpg"}],"twitter_card":"summary_large_image","twitter_misc":{"Dur\u00e9e de lecture estim\u00e9e":"4 minutes"},"schema":{"@context":"https:\/\/schema.org","@graph":[{"@type":"WebPage","@id":"https:\/\/manoirdelabaronnie.fr\/index.php\/les-amis-de-la-baronnie-de-marcei\/","url":"https:\/\/manoirdelabaronnie.fr\/index.php\/les-amis-de-la-baronnie-de-marcei\/","name":"Les amis de la Baronnie de Marcei - Le Manoir de la Baronnie","isPartOf":{"@id":"https:\/\/manoirdelabaronnie.fr\/#website"},"datePublished":"2023-08-15T14:17:55+00:00","dateModified":"2026-03-17T19:48:40+00:00","breadcrumb":{"@id":"https:\/\/manoirdelabaronnie.fr\/index.php\/les-amis-de-la-baronnie-de-marcei\/#breadcrumb"},"inLanguage":"fr-FR","potentialAction":[{"@type":"ReadAction","target":["https:\/\/manoirdelabaronnie.fr\/index.php\/les-amis-de-la-baronnie-de-marcei\/"]}]},{"@type":"BreadcrumbList","@id":"https:\/\/manoirdelabaronnie.fr\/index.php\/les-amis-de-la-baronnie-de-marcei\/#breadcrumb","itemListElement":[{"@type":"ListItem","position":1,"name":"Accueil","item":"https:\/\/manoirdelabaronnie.fr\/"},{"@type":"ListItem","position":2,"name":"Les amis de la Baronnie de Marcei"}]},{"@type":"WebSite","@id":"https:\/\/manoirdelabaronnie.fr\/#website","url":"https:\/\/manoirdelabaronnie.fr\/","name":"Le Manoir de la Baronnie","description":"Osez le m\u00e9di\u00e9val","potentialAction":[{"@type":"SearchAction","target":{"@type":"EntryPoint","urlTemplate":"https:\/\/manoirdelabaronnie.fr\/?s={search_term_string}"},"query-input":"required name=search_term_string"}],"inLanguage":"fr-FR"}]}},"_links":{"self":[{"href":"https:\/\/manoirdelabaronnie.fr\/index.php\/wp-json\/wp\/v2\/pages\/914"}],"collection":[{"href":"https:\/\/manoirdelabaronnie.fr\/index.php\/wp-json\/wp\/v2\/pages"}],"about":[{"href":"https:\/\/manoirdelabaronnie.fr\/index.php\/wp-json\/wp\/v2\/types\/page"}],"author":[{"embeddable":true,"href":"https:\/\/manoirdelabaronnie.fr\/index.php\/wp-json\/wp\/v2\/users\/1"}],"replies":[{"embeddable":true,"href":"https:\/\/manoirdelabaronnie.fr\/index.php\/wp-json\/wp\/v2\/comments?post=914"}],"version-history":[{"count":4,"href":"https:\/\/manoirdelabaronnie.fr\/index.php\/wp-json\/wp\/v2\/pages\/914\/revisions"}],"predecessor-version":[{"id":1132,"href":"https:\/\/manoirdelabaronnie.fr\/index.php\/wp-json\/wp\/v2\/pages\/914\/revisions\/1132"}],"wp:attachment":[{"href":"https:\/\/manoirdelabaronnie.fr\/index.php\/wp-json\/wp\/v2\/media?parent=914"}],"curies":[{"name":"wp","href":"https:\/\/api.w.org\/{rel}","templated":true}]}}